(q) - 6*t(q). Determine f(z).
4
Let w(m) = m**3 + 2*m**2 - 4*m - 6. Let y(l) = l**2 - l - 1. Let a(i) = -w(i) + 6*y(i). What is a(3)?
3
Let z(a) = -7*a**3 - 1. Suppose -5 + 9 = -4*o. What is z(o)?
6
Let m(i) be the first derivative of -1 + 2*i - 1/2*i**2. Give m(2).
0
Let b = -1 + 1. Let a(r) = -7*r**2 - 8*r + 2. Let d(h) = 2*h**2 + 2*h - 1. Let y(t) = -a(t) - 4*d(t). What is y(b)?
2
Let q(n) be the second derivative of n**8/6720 - n**7/2520 + n**6/720 + n**5/30 + n**4/6 + 2*n. Let i(s) be the third derivative of q(s). Give i(0).
4
Let x(d) = -d**3 - 5*d**2 - 3*d - 5. Let b(h) = 5*h**3 + 21*h**2 + 13*h + 21. Let g = 5 - 7. Let a(l) = g*b(l) - 9*x(l). What is a(3)?
6
Let k(l) = l**3 + l**2 - 3*l. Let r be (-1 - -1)/(5/(-5)). Suppose 2*t - 3 = 3*u, -7 = -4*t + 5*u - r. Suppose 6 = -3*h - t. What is k(h)?
-9
Suppose 0 = -2*a + 2, 0*p + 3*p - 5*a + 8 = 0. Let g be p/4 + (-22)/8. Let s(t) = -3*t**2 + 5*t**2 - 3*t - 3*t**2. What is s(g)?
0
Suppose 9*a + 0 = 27. Let s(r) = -r + 3. Determine s(a).
0
Let z(r) = -r**2 + 3*r - 7 + 3 + 3*r - 1. Suppose 5*w - 25 = -x, -5*x = -5*w + 2*w + 43. What is z(w)?
-5
Let l(c) = 2*c**3 - 4*c**2 - 5*c**3 + 100 - 97 + 2*c**3. Give l(-4).
3
Let z(c) be the third derivative of -c**6/120 + c**5/12 - 5*c**4/24 + c**3/2 - 6*c**2. Let w be 3/((-2)/((-16)/6)). Give z(w).
-1
Let k(z) = -2*z - 1 + z**3 - 2*z**2 + 7*z**2 + z - 2. Let q be k(-5). Let d(j) = 7*j - 2. Let c(v) = v. Let m(i) = 4*c(i) - d(i). Calculate m(q).
-4
Let s(d) be the third derivative of -1/12*d**4 + 0 + 4*d**2 + 1/6*d**3 + 0*d - 1/30*d**5. Determine s(-2).
-3
Let k(c) be the first derivative of c**5/120 - 7*c**4/24 + c**3/3 - 1. Let w(l) be the third derivative of k(l). Calculate w(0).
-7
Let w(p) = -p**2 + 5*p. Suppose -4*y + 8 = -8*y. Let z = 1 - y. Suppose z*o + 2*o = k - 10, 5*k - 22 = -3*o. Give w(k).
0
Let l be -1*27/3 + -1. Let z = -8 - l. Let v(y) = 2*y**2 - y + 2*y**2 - 3*y**2 + 0*y**z - 3. Calculate v(4).
9
Let p(v) = v**2 + 4*v + 1. Let g(c) = -4*c**2 - 17*c - 5. Let l(z) = 2*g(z) + 9*p(z). Give l(-3).
2
Let d(j) = 3*j - 3. Let u be d(2). Let n(t) = -t**3 + 2*t**2 + 4*t - 3. Let h be n(u). Let w be 1 - (h - (2 + -3)). Let k(v) = v**3 - v**2 - 1. What is k(w)?
-1
Let t(d) = d - 2. Let w = -8 + 12. Let q be t(w). Let u(r) = -2*r + 2*r + 3*r - r**2 - q*r + 1 - 5*r**3. What is u(-1)?
4
Let c be (-2)/(-1 - 3/(-9)). Suppose 4*w - 2 = c*w. Let a(g) be the second derivative of g**5/20 - g**4/12 - g**3/3 - g**2/2 - g. Determine a(w).
-1
Let q(p) = -19*p - 2. Let j be q(-1). Let f(v) = -34*v + j*v + 16*v. Determine f(-4).
4
Let u = -23 + 25. Suppose f - 3 = -0*f + n, -5*f + u*n = -24. Let p(x) = -x**2 + 5*x + 2. Calculate p(f).
-4
Let v(f) = 2*f - 10. Let h = 1 - -7. Determine v(h).
6
Let h be 3 + 3/(3 - 0). Let d(r) = -3*r**2 - 3*r**2 + 4 + r**2 - r**3 - r**2 - h*r. What is d(-5)?
-1
Let v(f) = 25*f + 25*f - 48*f. Calculate v(-2).
-4
Let s(z) = 522*z**2 - 3 - 2*z**3 + 3 - 525*z**2 + z. Calculate s(-3).
24
Let v(u) = u + 1. Let f(t) = -t**3 + 5*t**2 - 4*t + 2. Let b be f(4). Give v(b).
3
Let a = -3 + 6. Let i(m) = -8 + 4 + 5*m**2 + m + m**3 - 7*m. Let j(p) = 2*p**3 + 5*p**2 - 7*p - 5. Let b(u) = a*i(u) - 2*j(u). Determine b(4).
-2
Let x(t) be the first derivative of -1/2*t**2 + 4 - 2/3*t**3 + 0*t. What is x(1)?
-3
Suppose -5*b = -2*b + 6, -4*x = b + 10. Let j = x - -3. Let d(r) = -1 + r + 9 - j. Calculate d(0).
7
Suppose -2*v + 15 = -5*v. Let j(o) = 13*o + 2. Let c(r) = -6*r - 1. Let b(y) = v*c(y) - 2*j(y). What is b(1)?
5
Let r(x) = 2*x**3 - 4*x**2 + 4*x - 2. Let i be (3 + (-8)/3)*-3. Let n(s) = -4*s - 2. Let v be n(i). Calculate r(v).
6
Let j(f) = 5*f**3 + f**2 + f. Let o be j(-1). Let l(c) = -2*c + 5*c**2 + 2*c - c + 3*c + c**3. Determine l(o).
-10
Let b(a) be the first derivative of a**3/3 - 7*a**2/2 + 4*a - 5. Determine b(6).
-2
Let d(k) be the second derivative of k**3/6 - k**2 + 2*k + 10. Let s(j) = j**2 + j + 3. Let o be s(0). Calculate d(o).
1
Suppose 3*m - 112 = -m. Let y = m + -20. Let b(i) = -i - 1 + 0 + y*i. What is b(-1)?
-8
Let x(t) be the second derivative of 2*t**3/3 - t**2 + t. Let q = 1 - -4. Suppose -q*b + 4*k = 6, 0 = -0*b + 2*b - 5*k + 16. What is x(b)?
6
Let k(d) = 3*d**2 - 2*d + 6. Let s(q) = -q**2 + q - 3. Let z(b) = -2*k(b) - 5*s(b). What is z(0)?
3
Suppose -h + w = 0, h + 4*w - 6 = 3*h. Let n be (0 - -1)/(h/(-6)). Let b(k) be the third derivative of k**4/24 + k**3/2 - 97*k**2. Give b(n).
1
Let b(s) = -s + 1. Suppose -10*p + 8*p = -6. Determine b(p).
-2
Let q(u) = -u - u**3 - 5*u**2 - 5 + 2*u**3 + 5*u. Let i be 3/(-3)*(0 + -2). Let l be 3*-2*i/(-3). Give q(l).
-5
Suppose 4*s - 11 = 5. Let r be (3*-1)/((-6)/4). Let j(l) = s*l + 0*l - l**3 + r - 3*l + l**2 + 2*l. Give j(3).
-7
Let z(u) = -3 + 5 - 4 - u. Suppose -3*q - 3 = -2*q. Calculate z(q).
1
Suppose 5*k - 13 = -y, 0 = -2*y - 5 + 1. Let s(u) = 4*u + 1. Calculate s(k).
13
Let h(a) be the second derivative of -a**7/840 + a**6/90 - a**5/120 - a**4/12 - 4*a**3/3 - 9*a. Let c(u) be the second derivative of h(u). What is c(4)?
-6
Let u(c) = 3*c**2 - 5*c + 3*c**2 + c**3 + 3 + 5. What is u(-7)?
-6
Suppose 2*r - 2*t - 23 = -r, -5*r - 5*t + 55 = 0. Suppose 24 - 1 = 5*w - 2*b, -5*b = 4*w + 8. Let k be (w/r)/(1/(-3)). Let f(l) = -8*l**2. Give f(k).
-8
Suppose 0 = -5*k - 2 + 12. Let p(r) = 0*r - r + k*r. Suppose 0 = -3*j + 3*u, 7*u - 2*u = 3*j + 4. What is p(j)?
2
Let r(k) be the second derivative of 1/6*k**3 + 8*k - 1/12*k**4 + 1/2*k**2 + 0. Let a = -6 + 8. What is r(a)?
-1
Suppose 2*x = n + 2, 17 = -x - 0*n + 5*n. Let s(j) = -j + j**2 - x - 5 + 4. Suppose -2*f = -4*f, -2*q = f - 8. Determine s(q).
8
Let r(b) be the first derivative of -5/2*b**2 + 3*b - 1/3*b**3 + 3. Calculate r(-4).
7
Let v(r) = -r - 4. Let y be v(-5). Let k(m) = -y - 2*m**2 + 6*m**3 - m**3 - m**3 - 2*m**3. Suppose 6*h - 7*h + 2 = 0. Calculate k(h).
7
Let q(p) = -7*p**2 - 4*p + 4. Let c(k) be the third derivative of k**5/60 - k**2. Let j(u) = -6*c(u) - q(u). Suppose x = 2*x + 5. Give j(x).
1
Let m(k) = k**2 - k + 10. Let o = -8 + 8. Give m(o).
10
Let x be ((-2)/(-14))/(6/7). Let g(t) be the second derivative of -3*t - 1/2*t**4 - x*t**3 + 0 - 1/2*t**2. Give g(-1).
-6
Let g(j) be the third derivative of j**5/60 - j**4/12 - j**3/6 - 2*j**2. Let q = -49 + 47. Calculate g(q).
7
Let a(y) = -3*y + 2 - 3*y - 3 + 3. Calculate a(2).
-10
Let l(u) = 5*u - 4. Let t(x) = 9*x - 8. Let w(r) = 5*l(r) - 3*t(r). Let g(c) = -c + 3. Let p(b) = 3*g(b) - 2*w(b). Give p(-6).
-5
Let t be 6/(-2) + (-105)/(-5). Suppose 0 = 3*x - 6*x + 3*v + t, 2*x = -v + 12. Let c(s) = -s**3 + 6*s**2 - 2*s + 7. What is c(x)?
-5
Let b be (-1 - -1) + -1 + 1. Suppose -3*s - 9 = b, -5*y = -4*s - 5 - 72. Let h = 7 - y. Let d(g) = g. Determine d(h).
-6
Let y(z) = 13*z**3 - 4*z**2 - 3*z - 4. Let r be -6 - (-1 - (-3)/3). Let q(g) = 14*g**3 - 5*g**2 - 4*g - 5. Let s(f) = r*y(f) + 5*q(f). Determine s(-1).
8
Let f(s) = -5*s**2 + 13*s + 4. Let r(c) = -11*c**2 + 26*c + 8. Let m(j) = -13*f(j) + 6*r(j). Give m(-13).
-4
Let k(i) be the first derivative of -5*i**4/4 - i**3/3 - i**2/2 - i - 43. Determine k(-1).
4
Let l(c) = -c**3 + 8*c**2 - 6*c - 7. Let x be l(7). Suppose 14 = -2*d - 2*y, d + 3*y + x + 7 = 0. Let h = d - -11. Let b(o) = o - 3. What is b(h)?
1
Let x(s) = -8*s + 3*s + 0*s. Calculate x(1).
-5
Let r(i) = i**3 - 6*i**2 - 5. Let m be r(6). Let f be (-6)/m*(-50)/15. Let c(q) = q**3 + 3*q**2 - 3*q - 1. Give c(f).
-5
Let u(p) = 15 + 4*p - 13*p**2 + 12*p**2 - 3*p. Calculate u(0).
15
Let j(i) = -5*i**3 - 5*i**2 - 4*i + 4. Let o(d) = -d**3 + d**2 + d. Let y(q) = -j(q) + 4*o(q). Determine y(-8).
-4
Suppose 0 = -3*a - 7*s + 3*s - 3, 5*s = -2*a - 9. Let x(q) = -2*q. Give x(a).
-6
Let i = 2 + -1. Let b(l) be the first derivative of l - 3/4*l**4 - 1/3*l**3 + 2 + 0*l**2. Calculate b(i).
-3
Let t(d) = d + 3. Let o be (6/(-15))/((-8)/(-10))*-6. What is t(o)?
6
Let t(w) = w**3 - 4*w**2 + 4*w - 3. Let r be t(3). Let v(z) = -z**2 + 9*z + 12. Let i be v(10). Let j(h) = 3*h + h**i - 2*h + 0*h + 4 + 2. Determine j(r).
6
Let d(l) = 13*l**3 - l. Suppose 5*q = 19*q + 14. Give d(q).
-12
Suppose 5*x + 17 = -8. Let y(l) = -l**2 - 2*l + 6. What is y(x)?
-9
Let n(k) = -k**2 + k. Let a(w) = w**2. Let t(u) = 4*a(u) + n(u). Determine t(-1).
2
Let l(i) = -i**3 - 5*i**2 + 2*i + 3. Let c(p) = -p**3 - 